e p(7).
5
Let j(k) = -k**3 + 4*k**2 + k - 1. Let a(n) = n**3 + 25*n**2 + 6*n + 90. Let i(u) = 2*u**2 - u. Let s(g) = -a(g) - 3*i(g). Let r be s(-31). Calculate j(r).
11
Let c(n) = -20*n - 5. Let v(x) = 27*x + 5. Let d(o) = -4*c(o) - 3*v(o). Let z(f) = f - 26. Let w be z(13). Determine d(w).
18
Let w(b) be the second derivative of -b**3/6 - 26*b**2 - 150*b - 2. Calculate w(-30).
-22
Suppose 4*y - 36 = -3*k, -279*y = -282*y + k + 14. Let c(a) = -a**2 + 8*a + 3. Give c(y).
15
Let y(w) = -3*w + 3. Let b(k) = -2*k**2 + 39*k - 104. Let x be b(16). Calculate y(x).
-21
Let i be (41 - 29)/((-14)/(-84) + 4/3). Let o(x) = -x**2 + 9*x - 26. Calculate o(i).
-18
Let n = 94 + -90. Suppose y - n = o, -y = 2*y + o - 32. Let w(p) = y*p + 3*p + p**2 + 120 - 106. Determine w(-10).
-6
Let y(k) = 3*k + 57*k**2 - 144*k**2 + 83*k**2 + 31 - 5*k. What is y(0)?
31
Let o(d) = -d**3 + d**2 - d + 8. Let x = -61 - -81. Let k = 20 - x. Give o(k).
8
Let k(a) = 12*a**2. Let u(c) = c**3 - 37*c**2 + 56*c - 81. Let p be u(36). Let h = -638 + p. What is k(h)?
12
Let j(h) = 516*h - 5160. Let z be j(10). Let b(a) be the second derivative of 1/3*a**3 + z + 27*a - 5/6*a**4 - 1/2*a**2. Calculate b(1).
-9
Suppose 90*d = -278 - 262 + 3150. Let m(o) = -4*o**2 + 116*o + 1. Calculate m(d).
1
Let p(n) = 28*n - 338. Let g be p(12). Suppose -3*a + 2*a = -6. Let s(o) = 4*o**3 + 0*o**2 + 1 - 2*o - a*o**2 + 2*o**2 - 5*o**3. What is s(g)?
-3
Let t be -7 - ((-482)/20 - (-23)/230). Let h(g) = -g**2 + 16*g - 10. Give h(t).
-27
Suppose -27*n = 931 + 284. Let w = -52 - n. Let b(i) = -i**2 - 7*i - 3. Determine b(w).
-3
Let u(q) be the third derivative of -q**5/20 - q**4/24 + q**3/6 - 3*q**2. Let y be 302 + -295 - (-9)/(-1). Determine u(y).
-9
Let v(p) be the third derivative of -p**5/60 + p**4/3 + p**3/3 - p**2. Let n(c) = 25 - 5*c + 2*c + 0*c + 0*c. Let k be n(6). Calculate v(k).
9
Let r(u) = u**3 + u**2 + u + 1. Let a(d) = -5*d**3 - 5*d**2 - 4*d - 4. Let o(x) = -a(x) - 3*r(x). Let z = -49 + 35. Let s = -16 - z. Give o(s).
-9
Let x(h) = 2 - 5 + 3*h - h - 3*h. Suppose -2*z + 4*d = 8, -6*d = -d - 10. Suppose -3 = m + 2*t, 3*t + z*t = -2*m - 7. Determine x(m).
2
Let d(c) = 7*c**2 - 62*c - 19. Suppose -6 = 2*x - 156*r + 152*r, 5*x - 15 = 5*r. Calculate d(x).
-10
Suppose -46*b = -20*b + 520. Let q(m) = m**3 + 19*m**2 - 22*m + 1. Give q(b).
41
Let c(g) be the third derivative of -g**6/120 + g**5/10 + 4*g**3/3 + 2*g**2 + 32. Let t = -10 + 16. Give c(t).
8
Let v(p) be the first derivative of -p**5/30 - 5*p**4/12 - p**3/6 + 23*p**2 + 72. Let c(m) be the second derivative of v(m). Determine c(-7).
-29
Let f(g) = -g**2 + 9*g - 8. Suppose -8*u - 69 = -45. Let x be (8 + 256/(-24))*u. Calculate f(x).
0
Suppose 0 = -9*v - 209 - 943. Let l = v - -138. Let a(n) = n**3 - 9*n**2 - 9*n. What is a(l)?
10
Let x(r) = -6*r + 15. Let u(o) = 19*o - 54. Let s(a) = -2*u(a) - 7*x(a). Suppose -8 - 12 = 5*w. Calculate s(w).
-13
Let t be ((-16)/(-32))/((-9)/288). Let c(k) = 12*k + 178. Calculate c(t).
-14
Let p(y) = 12*y**3 - y**2 - 8*y. Let r be p(2). Suppose 0 = -3*j + 61 + 65. Let n(u) = -u**2 + u**3 - r + j + 39. What is n(0)?
5
Let t(p) = -p**2 + 8. Let b be 96/45 + -2 - (-1054)/(-255). Give t(b).
-8
Let r(f) = -11 + 23*f + 13 - 13*f - 5 + 4. Determine r(4).
41
Suppose -15 = 5*a, 5*l + 3*a + 2 = 18. Let y(c) = -c**2 + 2*c + 5. Let s(f) = 2*f**2 - 4*f - 9. Let b = -175 - -170. Let p(i) = b*y(i) - 3*s(i). Determine p(l).
-13
Let h(g) be the third derivative of -7/12*g**4 - 15*g**2 - 1/6*g**3 + 0*g - 1/60*g**5 - 4. Determine h(-13).
12
Suppose -63 = -2*h - 27. Suppose 9*v = h - 81. Let x(r) = -5*r**2 + 8*r + 3. Let g(a) = 6*a**2 - 9*a - 4. Let w(j) = v*x(j) - 6*g(j). Determine w(2).
-5
Let v(h) = -19*h**2 + 7 + h**3 + 117*h - 119*h - 26*h**2 + 46*h**2. Give v(0).
7
Let r(t) = 3*t + 34. Let h(k) = -21*k - 541. Let f be h(-25). Give r(f).
-14
Let f(i) be the second derivative of -i**7/2520 + 7*i**6/720 + i**5/15 - i**4/4 - i**3/6 + 80*i. Let l(d) be the third derivative of f(d). What is l(9)?
-10
Let b(p) be the third derivative of 0*p + 11/24*p**4 + 0 + 1/6*p**5 - 1/120*p**6 - 21*p**2 + 3/2*p**3. Give b(11).
9
Let t(c) = 4*c**2 - 7*c - 7. Let s(j) = -13*j**2 + 22*j + 22. Let m(u) = 2*s(u) + 7*t(u). Let d(o) = o**3 - 6*o**2 - 146*o - 93. Let n be d(-9). Give m(n).
37
Let p = 32 + -9. Let y = 48 - p. Let t(d) = -3*d**2 + 26 + y - 42 + 10*d + 4*d**2. Calculate t(-8).
-7
Suppose -6934 = 38*t - 6934. Let r(g) = g**3 - g**2 + 4*g - 14. What is r(t)?
-14
Let i(q) = -10*q - 141. Let r be ((-16)/(-12))/(460/(-5175)). Give i(r).
9
Suppose 71 = -2*g - 2*n + 207, 5*g + n = 360. Suppose 76*p - g*p = 111. Let d(q) = 8 + 16*q + 22*q - p*q. Determine d(-12).
-4
Let c = 2887 + -2893. Let y(i) = -1. Let u(n) = -n - 7. Let g(k) = -u(k) + 3*y(k). Give g(c).
-2
Let o(z) = 9 - 18572*z + 18565*z - 8. Give o(-1).
8
Suppose 18*y - 7 = 19*y - 2*d, -2*d - 13 = 3*y. Let c(n) = -n + 3. Let u(i) = -37*i + 16. Let t(x) = y*c(x) + u(x). What is t(-1)?
33
Let u(o) = 9*o**2 + 4*o - 13. Let k be u(-7). Let q = 393 - k. Let s(v) = -v**3 - 7*v**2 - 2*v - 2. What is s(q)?
12
Let n(m) = -8*m - 4. Let c(d) = -7*d - 3. Let a(p) = 5*c(p) - 4*n(p). What is a(-6)?
19
Let m = -971 + 971. Let g(z) = z**3 - z**2 - 2*z + 17. What is g(m)?
17
Let n(q) = -10*q - 6 + 2*q**2 + q**3 - 2*q + 9*q**2. Let l be ((18/90)/(76/(-570)))/((-2)/(-16)). Give n(l).
-6
Let n(l) = -6 - 30486*l**2 + 3*l + 7*l + 30485*l**2 - 8. What is n(5)?
11
Let o(z) = -11*z**2 - z**3 - 23*z + 5 + 22*z - 13 + 23. Determine o(-11).
26
Let h(n) = 5*n**2 + 3*n. Suppose 43*m = -12*m - 55. Calculate h(m).
2
Suppose 22*k = 788 - 700. Let j(n) be the third derivative of 0*n**3 - 1/30*n**5 - 1/24*n**k + 0*n - 10*n**2 + 0. Determine j(-2).
-6
Let t(g) = 15 + 8*g + 22 - 30 - 56 - 57. What is t(13)?
-2
Suppose 5*w = -2*b - b - 28, 8 = 2*b. Let m(h) be the third derivative of h**5/60 + 3*h**4/8 + 5*h**3/2 + 2241*h**2 + 10. What is m(w)?
7
Let x(d) = 30*d + 106. Let y = -9227 - -9223. Determine x(y).
-14
Let l(h) = -108*h - 14586. Let d be l(-135). Let z(n) = 2 - 4 - n - 1. Give z(d).
3
Suppose -4*g + 4 = -16. Let w(z) = -5*z + 2. Let s(i) = 30*i - 12. Let r(c) = -6*s(c) - 39*w(c). Let u(q) = -2*q + 1. Let p(t) = r(t) + 9*u(t). Give p(g).
-12
Let a be (-14 + 8/(-4))*(-125)/100. Let c(p) = p**2 - 22*p + 38. Calculate c(a).
-2
Let c(r) be the first derivative of r**4/24 + r**3 - 32*r**2 + 21. Let l(p) be the second derivative of c(p). What is l(-3)?
3
Let j = -203 + 205. Let w(n) = 9*n**2 - 5*n**2 - 5*n**2 + 4*n + 0*n + j. Determine w(-3).
-19
Let i be 4/6 + ((-6)/(-2))/9. Let n be 0/(i - 2) + 4. Let j(r) = -3 + 1 - 3*r - 5*r**2 + n - 3. Determine j(-2).
-15
Let u(x) = 11 - 1079*x**3 - 1070*x**3 - 4*x**2 + 3225*x**3 - 1077*x**3 - 7*x**2. Determine u(-11).
11
Let s(c) = 3*c + 162. Let r(g) = g + 72. Let q(n) = -2*r(n) + s(n). Give q(-6).
12
Let u(d) = -13*d**2 + 56*d + 232. Let h be u(7). Let w(t) = -t**3 - 14*t**2 - 7*t + 60. Calculate w(h).
-18
Let t(i) = -2*i**3 - 32*i**2 + 28*i - 106. Let j be t(-17). Let u(w) = -11*w - 6. Determine u(j).
38
Let a be (72/(-234))/(1/(-26)). Let v(y) = 7*y - 49. Calculate v(a).
7
Suppose 5*n - 24 = n + o, -5*n = -o - 29. Let u(s) = -6*s + 12. Let j(v) = v - 1. Let g(t) = n*j(t) + u(t). What is g(3)?
4
Let z(c) = c**3 - 2*c**2 + 2*c - 8. Let p(k) = -2*k**3 + 165*k**2 - 75*k - 571. Let w be p(82). Calculate z(w).
7
Let u = 1364 + -1370. Let n(v) = -v**2 + 5*v + 8. Give n(u).
-58
Suppose 91*t + 234 = -130. Let r(b) = b**3 + 6*b**2 + 13*b + 11. Give r(t).
-9
Let q(m) be the second derivative of m**4/6 + 17*m**3/6 - 8*m**2 - 1130*m - 4. What is q(-13)?
101
Let x(q) be the third derivative of -q**6/120 + 7*q**5/60 + q**4/8 - 7*q**3/2 + 2*q**2 + 615. What is x(5)?
44
Let s be 21 + -26 + 4 + (1 - 0)*-5. Let r(z) = -3*z**2 - 4*z. What is r(s)?
-84
Let d = -806 + 800. Let y(c) = 2*c + 25. Determine y(d).
13
Let x(s) be the third derivative of -s**5/60 + s**4/6 + s**3/2 - 2*s**2 + 27*s. Suppose 11*k - 118 = 223. Suppose 0 = -34*a + k*a + 12. Determine x(a).
3
Let q(d) = 3*d. Let n = -65 - -74. Let m be -6 + 38/n + 8/(-36). Determine q(m).
-6
Let n(o) = 2*o + 33. Suppose -4*t - 59 = 5*x, -t + 130 - 126 = 0. Give n(x).
3
Let z(b) = b**3 + 0*b**3 - 11*b + 0*b**2 + 3 + 3*b + 8*b**2. Let g be 1*((1 - 0) +